+ r/141?
2, 13
Suppose 3*q + 2615 = 4*c + 48232, 2*q = -2*c + 30402. List the prime factors of q.
23, 661
Let z(t) = -27 - 21*t**3 + 39*t**2 + t - 45*t + 20*t**3 - 17. List the prime factors of z(37).
2, 13, 41
Suppose 2*n = -i - 444, -n - 14*i = -19*i + 200. What are the prime factors of (-1)/((-162)/(-902) + 40/n)?
11, 41
Let y = 62 + -90. Let k be 4*19/(-18) - y/126. List the prime factors of (-6698)/(-34) - (0 - k).
193
Suppose 155*s + 5921 = a + 154*s, 4*s = a - 5900. List the prime factors of a.
2, 3, 13, 19
Suppose -8*n + 5*h + 14054 = -5897, -2*n + 4975 = 3*h. What are the prime factors of n?
2, 7, 89
Suppose -429 = -2*s + 3*w + 2*w, -3*s + 5*w = -656. Let k be (-2024)/36 - (-6)/27. Let g = k + s. List the prime factors of g.
3, 19
Let u be ((-1)/(-4))/(31/(-1612)). Let x(m) = m**2 + 15*m + 36. Let o be x(u). List the prime factors of 542/o + 10/(-50) - -2.
2, 7
Let v = 184 - 488. Let l = v + 845. What are the prime factors of l?
541
Let w = -128 + 128. Suppose -4*f + 4*z - 6*z + 1508 = w, -3*f + 2*z + 1117 = 0. Suppose f = 2*l + 71. What are the prime factors of l?
2, 19
Let j be (24/(-6) - -4) + 0. Suppose -5*t + 727 = 2*l, -5*t = -3*l - j*t + 1028. What are the prime factors of l?
3, 13
List the prime factors of (-3232)/((-2)/14 + (-1008)/3920).
2, 5, 101
Let v(a) be the second derivative of 8*a**3/3 + 35*a**2/2 - 41*a. Let y be v(-9). Let r = 149 + y. List the prime factors of r.
2, 5
Let o(j) be the first derivative of -j**4/2 + 3*j**3/2 + 9*j**2 - 1. Let q(c) be the second derivative of o(c). What are the prime factors of q(-5)?
3, 23
Let l be (-96)/(-8)*84/(-18). Suppose x = -25 - 94. Let h = l - x. List the prime factors of h.
3, 7
Suppose 4*n + 5*i = 62992, n + 2*i + 7253 = 22998. List the prime factors of n.
3, 59, 89
Let b be ((-5 - -2) + 3)/1. What are the prime factors of 2637/3 + b + -2?
877
Suppose -h - 4*i = -0*h - 10, 0 = -h - 5*i + 11. Suppose -h*v + v + 3*s = -557, 5*v = 2*s + 553. Suppose -x + v = -73. List the prime factors of x.
2, 7, 13
Suppose -3*h + 5*f = -4257, -h - 2*f + 776 = -632. What are the prime factors of h?
2, 7, 101
Suppose -5*k - 34*w + 33*w + 10 = 0, 3*k + 2*w = -1. Suppose 2*u - k*b = -u + 1836, -4*b = 4*u - 2480. What are the prime factors of u?
2, 7, 11
Let y(k) = -k**2 + 225. Let v be 0 + (6 - 4) + -2. Let h be y(v). Suppose -4*i = -291 - h. List the prime factors of i.
3, 43
Let p(j) = 3*j**3 + 7*j**2 - 5*j + 3. Let z be p(-3). Suppose z = -0*a - 2*a + 1312. What are the prime factors of a?
2, 41
Let p = 201 + -540. Let s = p - -595. What are the prime factors of s?
2
Let d = -1407 + 2287. Suppose 1052 + 280 = -3*w + 3*l, -2*w + 4*l - d = 0. Let c = 663 + w. What are the prime factors of c?
5, 43
Suppose 69 = 5*r - 11. Suppose -6 = 5*u - r. Suppose u*x - 7*v = -2*v + 151, -400 = -5*x + 5*v. What are the prime factors of x?
83
Let f(a) = -82*a**3 + 207*a + 1187. List the prime factors of f(-6).
17657
Suppose -5*t - 14*t - 87414 = -25*t. List the prime factors of t.
17, 857
List the prime factors of 52140 + (210/140)/((-9)/(-42)).
52147
Let p(y) = -13 - 13*y - 33*y + 2*y**2 + 27*y. What are the prime factors of p(11)?
2, 5
Suppose 2*f = 5*o - 50, 4*o - 3*f = 18 + 15. What are the prime factors of (42/24)/(o/6096)?
7, 127
Let o be (-21)/(-14)*3*4/6. Suppose 2*f = -3*d + 750, o*d = f - 98 + 857. What are the prime factors of d?
2, 3, 7
Let z be 2/((-3)/(-6)*1). Suppose z*h + 1402 = -2*s + 4*s, -4*s = -2*h - 2798. What are the prime factors of s?
3, 233
Let u(i) = i**2 + 18*i - 1931. List the prime factors of u(-77).
2, 653
Let p(q) = -6*q + 60. Let o be p(-27). Let c(w) = -o*w + 225*w + w**2 + 213 - 11. What are the prime factors of c(0)?
2, 101
Let c be (-30)/(-135) - (-295)/9. Let k(o) = c*o + 83*o**2 - 16*o - 13*o - 3. List the prime factors of k(1).
2, 3, 7
Let j = 121 + -111. Let q be (1263/12 + -4)*(-1 + 5). Suppose -j*l + q = -7*l. List the prime factors of l.
3, 5
Suppose -2*r - 4*m - 2 = 0, 3*m + 4 = -2*r + 1. List the prime factors of (-3)/(r/(-1665)*-3).
3, 5, 37
Suppose 2*y = 5*p - y - 3, 0 = 4*p - 3*y. Suppose 0*b + t + 971 = 2*b, -2*b + 961 = -p*t. Suppose 9*r - b = r. What are the prime factors of r?
61
Let d = -39089 - -63780. List the prime factors of d.
24691
Let y be 0/(5 + -4 - 4). Suppose y = -7*t + t + 2268. Let p = -241 + t. List the prime factors of p.
137
Suppose 15 + 9 = 3*g. Let k(v) = 3 + v - 2 + g. What are the prime factors of k(-5)?
2
Let y = -60330 + 91016. What are the prime factors of y?
2, 67, 229
Suppose -2*b = 2*l, l + 3 = -0*l. Suppose -4*i + 2*z = -681 - 1171, i - b*z = 453. List the prime factors of i.
3, 5, 31
Let g = 5354 + -1625. List the prime factors of g.
3, 11, 113
Suppose -3*b + 1405*a + 80082 = 1404*a, -53372 = -2*b - 2*a. List the prime factors of b.
2, 6673
Suppose -2*i - 5 = -v, 12 = 2*i + 3*v - 3. Suppose x + 2*a - 6 = i, 6*x + 9 = 5*x + 3*a. Suppose -4*q + 231 + 125 = x. List the prime factors of q.
89
Let c(i) = 15*i + 98. Let m be c(12). Let w(n) = -3*n**2 + 4. Let f be w(8). Let h = m + f. List the prime factors of h.
2, 3, 5
Let i(s) = -s**2 - 8*s + 1. Let u be i(-7). Let g = u + 22. List the prime factors of 7/(7/(-3)) + g.
3
Let k(x) = 12*x**3 - 2*x**2 + 23*x + 12. List the prime factors of k(7).
3, 11, 127
Suppose 0 = -3042*m + 2986*m + 147896. List the prime factors of m.
19, 139
Let h(k) = 52 - 181 + 84 - 136*k. List the prime factors of h(-4).
499
Let p(k) = -302*k + 34. Let c be p(-3). Suppose -2*t = -u + 458, 3*u - u + 2*t = c. List the prime factors of u.
2, 233
Let m(w) = -35*w - 663. Let q be m(-19). Let a = -8 - -11. Suppose 2*h - q*v = -5*v + 343, 537 = 3*h - a*v. What are the prime factors of h?
2, 11
Suppose -3*i + 0*i - 5*g = 964, -2*i + 2*g - 616 = 0. Let d = i + 525. What are the prime factors of d?
2, 53
Let w = 9537 + 16125. List the prime factors of w.
2, 3, 7, 13, 47
Let k = 226 - 262. List the prime factors of (k/6)/(-3) + 602.
2, 151
Let w = -745 - -1089. Let d = w + -228. What are the prime factors of d?
2, 29
Let g(o) = 1948*o - 474. List the prime factors of g(8).
2, 5, 1511
Suppose -4*f + 72333 = -121*s + 116*s, -90495 = -5*f - 5*s. What are the prime factors of f?
2, 4523
Let v be (8/24)/(1/261). Let a = v - -113. List the prime factors of a.
2, 5
Let f = -346 + 489. List the prime factors of -1 + 3 + 3 + (f - 2).
2, 73
Let u = 557 - 549. What are the prime factors of (-1)/u + 55500/96?
2, 17
Let w(q) = -q**2 - 51*q - 402. What are the prime factors of w(-23)?
2, 11
Let m(o) = -7*o + 135. Let i be m(19). Suppose 3*f = -4*x + 2*x + 606, -i*x - 2*f = -606. List the prime factors of x.
3, 101
Let o(j) = -j**2 - 41*j - 34. Let m = 186 - 206. What are the prime factors of o(m)?
2, 193
Suppose 5*s + 4*t = 115, 23*s - 19*s - 92 = t. Suppose 0 = -s*d + 39745 + 643. List the prime factors of d.
2, 439
Let p = 57 - 124. Let z = p - -69. Suppose z*j + y - 196 = -2*j, 0 = 5*j + 3*y - 252. What are the prime factors of j?
2, 3
Let m(u) = 9*u - 44. Let q be m(5). Let v be (23 - 164)/(0 - 0 - q). Let h = -73 + v. What are the prime factors of h?
2, 17
Let p(a) = 25*a**2 - 35*a + 867. List the prime factors of p(21).
3, 3719
List the prime factors of (10006/8)/(4360/160 + -27).
5003
Let f(q) = q**3 - 20*q**2 - 44*q + 22. Suppose -22 = -l - 0. Let m be f(l). Suppose v - m + 3 = 0. List the prime factors of v.
19
Let v(w) = 2*w**3 - 10*w**2 + 5*w - 6. Let d be -5 + (7 - (3 - 7)). Let o be v(d). Suppose o = 5*t - 9. What are the prime factors of t?
3, 7
Let m(n) = -6*n**3 - 32*n**2 + 39*n - 16. List the prime factors of m(-18).
2, 11953
List the prime factors of (32324 - 35)/(-3 - -4).
3, 47, 229
Suppose 23*x - 79564 = 19*x + 4*h, -x - 4*h + 19901 = 0. List the prime factors of x.
3, 19, 349
Suppose 0 = c + 5*j - 31571, -2*j = -364*c + 361*c + 94849. List the prime factors of c.
3, 41, 257
Let b(g) = -1919*g - 4103. What are the prime factors of b(-7)?
2, 3, 5, 311
Let s = 30400 - -29543. What are the prime factors of s?
3, 13, 29, 53
Let h = -3110 + 5417. List the prime factors of h.
3, 769
Suppose -2*z + 5*z + 6 = 0, 5*p + 2*z = 16. Suppose -4*n - 4*f = 0, -4*n - 8 = -p*f - 0. List the prime factors of 59 - -1*(-4)/n.
3, 7
Suppose -10*g + 6 + 24 = 0. Suppose -g*n - 38 = -1289. What are the prime factors of n?
3, 139
Let m =